ed by 1174?
292
What is the remainder when 958415 is divided by 319304?
503
Calculate the remainder when 1086907 is divided by 43.
39
What is the remainder when 8095173 is divided by 5725?
23
What is the remainder when 829440 is divided by 507?
495
What is the remainder when 32646390 is divided by 136?
134
What is the remainder when 2657045 is divided by 61?
7
Calculate the remainder when 2062349 is divided by 257782.
93
Calculate the remainder when 198372 is divided by 7074.
300
What is the remainder when 101772 is divided by 1027?
99
What is the remainder when 6282344 is divided by 698037?
11
What is the remainder when 297112 is divided by 35?
32
What is the remainder when 48950487 is divided by 1398584?
47
What is the remainder when 432405 is divided by 144106?
87
What is the remainder when 1408247 is divided by 2243?
1886
Calculate the remainder when 66392 is divided by 291.
44
Calculate the remainder when 18930618 is divided by 53.
25
What is the remainder when 5553515 is divided by 331?
328
What is the remainder when 211010 is divided by 51?
23
What is the remainder when 22434900 is divided by 255?
0
Calculate the remainder when 3627268 is divided by 14866.
14830
What is the remainder when 12449216 is divided by 691621?
38
What is the remainder when 447375 is divided by 1820?
1475
Calculate the remainder when 556944 is divided by 278347.
250
What is the remainder when 823484 is divided by 823481?
3
Calculate the remainder when 179937156 is divided by 2026.
2018
Calculate the remainder when 163805 is divided by 53473.
3386
Calculate the remainder when 15393108 is divided by 28.
24
Calculate the remainder when 128815260 is divided by 54.
42
Calculate the remainder when 61830 is divided by 2290.
0
What is the remainder when 715984 is divided by 178949?
188
Calculate the remainder when 793755 is divided by 64.
27
Calculate the remainder when 476017 is divided by 2801.
2648
What is the remainder when 9819 is divided by 6579?
3240
What is the remainder when 628469 is divided by 935?
149
Calculate the remainder when 881547 is divided by 22026.
507
Calculate the remainder when 20911 is divided by 6709.
784
Calculate the remainder when 306196 is divided by 101741.
973
Calculate the remainder when 1461880 is divided by 19235.
20
Calculate the remainder when 1504140 is divided by 68370.
0
What is the remainder when 199851 is divided by 7486?
5215
What is the remainder when 177050 is divided by 617?
588
What is the remainder when 28469767 is divided by 2549?
2535
What is the remainder when 1576598 is divided by 262750?
98
Calculate the remainder when 80009 is divided by 3605.
699
Calculate the remainder when 2231781 is divided by 41.
28
Calculate the remainder when 134161 is divided by 1002.
895
Calculate the remainder when 7549799 is divided by 74017.
65
Calculate the remainder when 12931016 is divided by 1194.
1190
Calculate the remainder when 9357125 is divided by 3449.
3437
Calculate the remainder when 1992417 is divided by 85.
17
Calculate the remainder when 311985 is divided by 61468.
4645
Calculate the remainder when 63869 is divided by 112.
29
What is the remainder when 4942038 is divided by 1803?
15
What is the remainder when 215229464 is divided by 689838?
8
Calculate the remainder when 493485 is divided by 8553.
5964
What is the remainder when 2906876 is divided by 20?
16
Calculate the remainder when 122350 is divided by 7062.
2296
Calculate the remainder when 303493 is divided by 1403.
445
Calculate the remainder when 455842 is divided by 69.
28
What is the remainder when 3409082 is divided by 426134?
10
Calculate the remainder when 5896952 is divided by 256389.
5
Calculate the remainder when 29251 is divided by 1058.
685
What is the remainder when 1198257 is divided by 108680?
2777
Calculate the remainder when 5044985 is divided by 5044965.
20
What is the remainder when 110907142 is divided by 599498?
12
What is the remainder when 51915169 is divided by 363?
361
What is the remainder when 6141 is divided by 180?
21
Calculate the remainder when 11036310 is divided by 6361.
6336
Calculate the remainder when 2570942 is divided by 9214.
236
What is the remainder when 56901937 is divided by 281?
280
Calculate the remainder when 43218 is divided by 21135.
948
Calculate the remainder when 60941 is divided by 60843.
98
Calculate the remainder when 210714 is divided by 83.
60
What is the remainder when 214661 is divided by 1219?
117
What is the remainder when 87804722 is divided by 28?
26
Calculate the remainder when 852588 is divided by 75.
63
What is the remainder when 626305141 is divided by 208768376?
13
Calculate the remainder when 2293386 is divided by 1558.
10
What is the remainder when 2686895 is divided by 585?
575
Calculate the remainder when 2260684 is divided by 14585.
9
What is the remainder when 29523838 is divided by 13081?
21
What is the remainder when 18376334 is divided by 2394?
2384
Calculate the remainder when 1368382 is divided by 814.
48
What is the remainder when 1159388522 is divided by 289?
286
Calculate the remainder when 7008243 is divided by 853.
848
What is the remainder when 2196096 is divided by 5631?
6
What is the remainder when 1251047 is divided by 56?
7
Calculate the remainder when 406393 is divided by 1687.
1513
Calculate the remainder when 599888 is divided by 158.
120
What is the remainder when 3937700 is divided by 3937696?
4
What is the remainder when 6495504 is divided by 106483?
41
Calculate the remainder when 879751 is divided by 3176.
3175
Calculate the remainder when 8040463 is divided by 71.
68
What is the remainder when 76586 is divided by 495?
356
Calculate the remainder when 292527 is divided by 843.
6
Calculate the remainder when 6200 is divided by 1154.
430
Calculate the remainder when 14162 is divided by 1674.
770
Calculate the remainder when 63557 is divided by 7585.
2877
What is the remainder when 416784 is divided by 1813?
1607
What is the remainder when 26544767 is divided by 449?
336
Calculate the remainder when 345033 is divided by 90.
63
Calculate the remainder when 93277 is divided by 46620.
37
Calculate the remainder when 7054 is divided by 58.
36
Calculate the remainder when 1480960 is divided by 3306.
3178
Calculate the remainder when 132365 is divided by 66001.
363
Calculate the remainder when 340306 is divided by 68056.
26
Calculate the remainder when 18023615 is divided by 261.
260
What is the remainder when 917038 is divided by 240?
238
Calculate the remainder when 507771 is divided by 126938.
19
What is the remainder when 7832356 is divided by 141?
88
What is the remainder when 99244269 is divided by 1266?
1263
Calculate the remainder when 86762 is divided by 28918.
8
What is the remainder when 148701 is divided by 74225?
251
Calculate the remainder when 99916 is divided by 211.
113
What is the remainder when 357866013 is divided by 8418?
8415
What is the remainder when 703764 is divided by 13?
9
Calculate the remainder when 5615386 is divided by 1528.
1514
What is the remainder when 116058896 is divided by 4150?
4146
Calculate the remainder when 6956670 is divided by 8223.
12
Calculate the remainder when 8810908 is divided by 45.
43
What is the remainder when 11749 is divided by 1023?
496
Calculate the remainder when 1654638 is divided by 215.
213
What is the remainder when 63613481 is divided by 15?
11
What is the remainder when 60285450 is divided by 132?
126
Calculate the remainder when 670007 is divided by 1264.
87
Calculate the remainder when 99929455 is divided by 99929450.
5
What is the remainder when 33023532 is divided by 492?
0
Calculate the remainder when 2210841 is divided by 3257.
2595
What is the remainder when 182095 is divided by 177?
139
What is the remainder when 10023041 is divided by 463?
17
What is the remainder when 398709 is divided by 5452?
713
Calculate the remainder when 527540 is divided by 456.
404
What is the remainder when 180991 is divided by 20105?
46
What is the remainder when 2740009 is divided by 1953?
1903
What is the remainder when 3173417 is divided by 444?
149
Calculate the remainder when 6851634 is divided by 84.
6
Calculate the remainder when 17920248 is divided by 1792024.
8
What is the remainder when 844893 is divided by 83?
36
Wh